 18*v = -85. Calculate the remainder when 150 is divided by v.
14
Suppose 4*q - 1369 = -3*l, -6*q - l + 1725 = -q. Suppose -q - 426 = -4*s. Calculate the remainder when s is divided by 14.
11
Let o(u) = -u + 3 + 4*u - 1 - 1. Let n be o(1). Let t = 0 + n. What is the remainder when 9 is divided by t?
1
Suppose -3*c + 3*t - 5 = -2, -5*t + 2 = -2*c. Let r(z) = 12*z**2 - 3*z - 2. What is the remainder when 38 is divided by r(c)?
12
Suppose -b + 3*b - 192 = 0. Calculate the remainder when b is divided by ((-675)/(-108))/((-1)/(-4)).
21
Suppose 0 = j + j - 0*j. Suppose -2*t - u + 8 = j, -t + 4*u + 20 = -2. Calculate the remainder when 16 is divided by t.
4
Let h(m) = 2*m**2 + 3*m + 3. Calculate the remainder when h(4) is divided by 3/(-5) + (-25338)/(-1030).
23
Suppose 3*c - 7*c = -36. Let d be (15/c - 2)*-81. Suppose 26 = 5*r - p, 2*p + 0*p = 5*r - d. What is the remainder when r is divided by 2?
1
Let g(s) = -s**2 + 17*s - 58. Calculate the remainder when 24 is divided by g(8).
10
Let y = -68 - -115. Suppose 2*c + y = 89. What is the remainder when 69 is divided by c?
6
Suppose 3*h + 14 = 2*h. Let y = -21 - h. Let x(l) = -2*l + 10. What is the remainder when 46 is divided by x(y)?
22
Let o(r) = -12*r - 33. Let f be o(-9). Let d = f - 39. What is the remainder when d is divided by 13?
10
Suppose 4*z = 0, -3*q - 4*z + 81 = 15. Let m be -2 + -4 - (3 - 1). Let p(i) = 2*i**2 + 4*i - 9. Calculate the remainder when p(m) is divided by q.
21
Suppose 2*m - 14*m = -252. What is the remainder when 164 is divided by m?
17
Let z = -668 - -704. Calculate the remainder when 536 is divided by z.
32
Suppose 5*a = 95 + 20. What is the remainder when 74 is divided by a?
5
What is the remainder when 306 is divided by 3366/121 + (-6)/(-33)?
26
Suppose 4*p + 3 = 3*x, 5*p + x + 2 = 3*x. Let l = -23 + 33. Calculate the remainder when 0 + (p - -19) - (-16 + 17) is divided by l.
8
Suppose -4*b + 40 = 12. What is the remainder when 249 is divided by b?
4
Calculate the remainder when 574 is divided by -16*(-2 - (-10 + 10)).
30
Calculate the remainder when 93 is divided by 15/(-25) + (-640)/(-25).
18
Suppose 20*c = 16*c + x + 22, 20 = 4*c - 2*x. What is the remainder when 27 is divided by c?
3
Let y be 6 + 0 - (-3)/(-1). Let f(j) = -j**y + 0*j**2 - 4 + 2*j - j**2 - 6*j**2 + j. What is the remainder when f(-8) is divided by 19?
17
Suppose 0 = -5*z - w + 123, -2*w = -3*w - 2. Let i = 4 + z. What is the remainder when i is divided by 10?
9
Let l be 39 + (0 + -3)/3. Suppose 3*j + l = 5*j. What is the remainder when j is divided by 5?
4
Suppose 5*y + 2*d = 49, -y + 3 + 2 = 2*d. Let b = -107 + 103. What is the remainder when (-138)/(-6) - 6 - (b - -2) is divided by y?
8
Suppose 4*i = 9*i - 75. What is the remainder when 54 is divided by i?
9
Let w = 15 + -10. Suppose -5*u + c + 27 = w*c, -25 = -3*u + 2*c. Let g(l) = -l + 22. What is the remainder when g(u) is divided by 6?
3
Suppose h = -4*h + 10, 3*h = 2*y + 4. Suppose -2*b + 129 = -y. What is the remainder when b is divided by 23?
19
Suppose -49 = 3*y - 115. Suppose -218 = -4*g - y. Calculate the remainder when g is divided by 10.
9
Let r be ((-12)/(-8) - 3)*-2. Suppose 5*k - r = -8. Calculate the remainder when 66 is divided by 0 - (-19 + 3 + k).
15
Let z = -43 - -43. Suppose -14*c - 375 = -19*c - u, z = -3*c - 2*u + 232. What is the remainder when c is divided by 22?
8
Calculate the remainder when (73 - ((-4)/1 + 8))*3 is divided by 21.
18
Let s(t) = -t**3 + 14*t**2 + 14*t + 20. Let h be s(15). Suppose 0 = -h*z + 27 + 408. Calculate the remainder when z is divided by 22.
21
Let n(m) = m**2 + 19*m + 34. Let t(c) = -c**3 + 10*c**2 + 2*c - 8. Calculate the remainder when n(-18) is divided by t(10).
4
What is the remainder when 719 is divided by (9/4)/(-3)*320/(-30)?
7
Suppose -q - 3 = -2*c, c - 12 = 4*q - 0*q. Suppose 5*d - 140 - 715 = c. Let a = -112 + d. Calculate the remainder when a is divided by 20.
19
Let s = 171 - 89. Suppose i = -3*c + 6, -32 = 4*i - c - s. Calculate the remainder when 16 is divided by i.
4
Let h(b) = -33*b**2 + b - 2. Let k be h(-1). Suppose 5*p - 280 = 5*y, 140 = 3*p + 2*y + 2*y. Let a = p + k. What is the remainder when a is divided by 6?
4
Let g = -546 - -712. Suppose -69 = -5*n + 3*c, 4*c = n - 2*n. Calculate the remainder when g is divided by n.
10
Let s(t) = -t**3 - 71*t**2 - 141*t - 164. What is the remainder when 425 is divided by s(-69)?
38
Let i = 349 + -320. What is the remainder when 1447 is divided by i?
26
Let o(d) = d**2 - 8*d - 7. Let w be o(9). Let a(h) = 4*h - 4 - 2*h**2 - 2*h + 3*h**3 + 3. Calculate the remainder when 73 is divided by a(w).
16
Let c = 9 + -6. What is the remainder when 14 is divided by c?
2
Suppose -3*g - 5*f - 18 = -4*g, 0 = 4*g - 4*f - 24. Let u(a) = 120*a - 476. Calculate the remainder when u(4) is divided by g.
1
Let v(m) = 7*m + 55. Let g(n) = 2*n**2 + 14*n - 6. Let t be g(-7). Calculate the remainder when 101 is divided by v(t).
10
Let b(v) be the first derivative of -9*v**4/4 - v**3 - v**2/2 + v - 32. Calculate the remainder when 102 is divided by b(-1).
6
Suppose 14*v - 49*v = -665. What is the remainder when 21 is divided by v?
2
Suppose -3*o = 4*x - 160, -25 = -5*x + 4*x + 3*o. What is the remainder when 221 is divided by x?
36
Suppose -2*z + 6 + 16 = 0. Suppose -a + w - 2 = 0, a + w + z = 5*w. Calculate the remainder when 54 is divided by 14 - (-2 + 1 + a).
12
Let g = 178 + 29. Calculate the remainder when g is divided by 30.
27
Let q(m) = 6*m + 2. Suppose 4*g - 5*o = 136, 4*g = -2*o - 128 + 292. Calculate the remainder when g is divided by q(2).
11
Suppose 0 = 4*t - 29 - 151. Let j = -23 + t. Calculate the remainder when j is divided by 122/10 + (-52)/195*-3.
9
What is the remainder when -54*(-7 + 3) - -6 is divided by 28?
26
Let p(t) = t**2 - t - 2. Let s be p(1). Calculate the remainder when 102 is divided by ((-13)/(-2))/((-1)/s).
11
Let t be (-8)/(-44) - (-530)/(-11). Let m = t - -162. Calculate the remainder when m is divided by 39.
36
Suppose -95 = -5*g - 30. Suppose -5*t + g + 7 = 0. Suppose 38 - 6 = t*n. Calculate the remainder when 21 is divided by n.
5
Suppose 4*x - 3*x = 16. Suppose 3*b - x = -b. Suppose 4*o - 5*h - 53 = 0, 17 = 5*o + b*h + 2. Calculate the remainder when o is divided by 3.
1
Suppose -6*w + 194 - 146 = 0. Calculate the remainder when 18 is divided by w.
2
Suppose -12*c + 10*c = 12. Let h = c - -17. Calculate the remainder when h is divided by 4.
3
Suppose n + 3*n = 12. Let z(x) = x + 7. Calculate the remainder when z(n) is divided by 4.
2
Suppose 15 = -48*l + 53*l. Suppose l*w - 4*w + 3 = -2*a, 3*w = 2*a + 17. What is the remainder when 13 is divided by w?
6
Let y = 615 - 588. Calculate the remainder when 65 is divided by y.
11
Let f(j) = -j**3 + 22*j**2 + 51*j - 50. Calculate the remainder when 195 is divided by f(24).
19
Let u(p) = 18*p**2 + 2*p - 3. Let n be u(1). Suppose 10*c = 11*c - n. Let a = c + -15. What is the remainder when 5 is divided by a?
1
Suppose 5 = 3*b - 1. Suppose -3 = -5*r - 4*h, -b*h - 18 = -8*r + 4*r. Let a(q) = 4*q - 4. Calculate the remainder when a(3) is divided by r.
2
Let v = -54 + 56. What is the remainder when 76 is divided by (-117)/(-3) + (v + 3 - 4)?
36
Suppose -2*o + 7*o = 20. Let y(d) = -7*d - o*d + 0*d. What is the remainder when 32 is divided by y(-1)?
10
What is the remainder when (10/(-6))/(9/(-108)) is divided by 4?
0
Let d = -17 + 47. Suppose -5*k + 3*r - 38 = 0, -4*k + d = 2*r + 78. What is the remainder when 21 is divided by (-4)/k - 84/(-15)?
3
What is the remainder when 1/(60/(-260)*1/(-21)) is divided by 19?
15
Suppose 0 = 10*w - 2*w - 4736. Let s = 11 - 5. What is the remainder when w/111*(4 - 1 - 0) is divided by s?
4
Suppose -4 = 2*m + 4*x, 4*m = -x + 6*x + 57. What is the remainder when 37 is divided by m?
5
Suppose -4*c + 100 = -4*b, c = -b + 30 - 1. Calculate the remainder when c is divided by 16.
11
Suppose 0 = 3*o + c - 3 - 14, -3*o = -c - 25. What is the remainder when 108 is divided by o?
3
Suppose 9*c + 2*z + 80 = 13*c, -101 = -5*c + 3*z. What is the remainder when c is divided by 5?
4
Suppose 5*f + 0*s = -s + 40, -3*f = -s - 16. Let q = -3 - -29. What is the remainder when q is divided by f?
5
Let p(o) = 2*o + 374. Let w be p(0). Suppose 5*l - 590 = 5*u, -3*l = 2*u - 0